is the units digit of 3151026809?
9
What is the millions digit of 19628296?
9
What is the millions digit of 129384521?
9
What is the millions digit of 151604352?
1
What is the ten millions digit of 5416051749?
1
What is the millions digit of 663630281?
3
What is the ten thousands digit of 485059368?
5
What is the hundred thousands digit of 313177296?
1
What is the ten millions digit of 1042678226?
4
What is the ten thousands digit of 2398268370?
6
What is the thousands digit of 6761597?
1
What is the tens digit of 240596751?
5
What is the units digit of 275900376?
6
What is the hundreds digit of 38892373?
3
What is the hundreds digit of 13914123?
1
What is the ten millions digit of 99931024?
9
What is the thousands digit of 222865840?
5
What is the millions digit of 1357791300?
7
What is the tens digit of 177061986?
8
What is the ten thousands digit of 146113481?
1
What is the tens digit of 42908621?
2
What is the hundred millions digit of 761980637?
7
What is the tens digit of 9670455?
5
What is the tens digit of 47147044?
4
What is the millions digit of 70551467?
0
What is the ten thousands digit of 397984767?
8
What is the hundred thousands digit of 509102095?
1
What is the hundreds digit of 437572552?
5
What is the tens digit of 3984621355?
5
What is the thousands digit of 163872394?
2
What is the hundred millions digit of 124791896?
1
What is the ten millions digit of 98013915?
9
What is the ten millions digit of 29450029?
2
What is the ten millions digit of 1659984386?
5
What is the thousands digit of 28459697?
9
What is the units digit of 3272708078?
8
What is the millions digit of 116058469?
6
What is the ten millions digit of 424226219?
2
What is the ten thousands digit of 67262969?
6
What is the thousands digit of 71677264?
7
What is the hundred thousands digit of 59770150?
7
What is the hundred thousands digit of 142326451?
3
What is the millions digit of 1940047812?
0
What is the units digit of 23417243?
3
What is the hundreds digit of 92954572?
5
What is the units digit of 294727654?
4
What is the ten millions digit of 1371243802?
7
What is the ten millions digit of 420059305?
2
What is the hundred millions digit of 167874095?
1
What is the units digit of 51840390?
0
What is the hundred thousands digit of 6256314017?
3
What is the thousands digit of 64017453?
7
What is the hundred millions digit of 947532024?
9
What is the ten millions digit of 24789414?
2
What is the millions digit of 2873452537?
3
What is the units digit of 1079553987?
7
What is the ten millions digit of 2061220199?
6
What is the tens digit of 280479388?
8
What is the thousands digit of 29874045?
4
What is the tens digit of 863515910?
1
What is the millions digit of 566772382?
6
What is the hundred thousands digit of 2136313333?
3
What is the ten thousands digit of 7764463?
6
What is the thousands digit of 87360336?
0
What is the tens digit of 201299637?
3
What is the tens digit of 1077773037?
3
What is the millions digit of 21319451?
1
What is the hundred millions digit of 2613910660?
6
What is the hundred thousands digit of 29886095?
8
What is the tens digit of 179076905?
0
What is the millions digit of 999495606?
9
What is the hundreds digit of 108607119?
1
What is the hundred millions digit of 896318590?
8
What is the thousands digit of 118501330?
1
What is the tens digit of 3431126538?
3
What is the thousands digit of 1392544327?
4
What is the hundred thousands digit of 2093720276?
7
What is the ten millions digit of 79452113?
7
What is the hundreds digit of 480846834?
8
What is the hundred millions digit of 165741521?
1
What is the millions digit of 105183583?
5
What is the thousands digit of 583229044?
9
What is the hundreds digit of 444476837?
8
What is the hundred thousands digit of 93614191?
6
What is the ten millions digit of 57259844?
5
What is the ten thousands digit of 266288799?
8
What is the billions digit of 2413142627?
2
What is the hundreds digit of 256465039?
0
What is the hundreds digit of 260616868?
8
What is the tens digit of 782417603?
0
What is the thousands digit of 61195915?
5
What is the hundred thousands digit of 5692913318?
9
What is the tens digit of 5287141?
4
What is the ten thousands digit of 5874918771?
1
What is the units digit of 349476747?
7
What is the tens digit of 451860819?
1
What is the units digit of 2768974829?
9
What is the hundreds digit of 15901775?
7
What is the units digit of 1099204123?
3
What is the ten millions digit of 2144182660?
4
What is the hundred millions digit of 301783671?
3
What is the tens digit of 3345076?
7
What is the millions digit of 1028163843?
8
What is the units digit of 88598402?
2
What is the ten millions digit of 1633646762?
3
What is the hundreds digit of 3911323?
3
What is the hundred thousands digit of 539069398?
0
What is the ten thousands digit of 4850641403?
4
What is the hundreds digit of 8570073784?
7
What is the hundred thousands digit of 143912621?
9
What is the units digit of 3316938621?
1
What is the ten thousands digit of 448225527?
2
What is the units digit of 2061878580?
0
What is the tens digit of 1857700835?
3
What is the hundreds digit of 50392221?
2
What is the ten millions digit of 199522504?
9
What is the tens digit of 1498661484?
8
What is the tens digit of 58811999?
9
What is the thousands digit of 1515179545?
9
What is the hundreds digit of 95173549?
5
What is the ten thousands digit of 170304480?
0
What is the ten millions digit of 184904279?
8
What is the hundred millions digit of 313116348?
3
What is the units digit of 82703913?
3
What is the tens digit of 27018015?
1
What is the units digit of 5637274163?
3
What is the thousands digit of 802631262?
1
What is the tens digit of 8582400?
0
What is the ten millions digit of 386451239?
8
What is the thousands digit of 3799202724?
2
What is the ten thousands digit of 144368184?
6
What is the thousands digit of 844840612?
0
What is the hundred thousands digit of 35127737?
1
What is the units digit of 7469842?
2
What is the thousands digit of 884018065?
8
What is the tens digit of 21212024?
2
What is the hundred thousands digit of 238764589?
7
What is the hundred thousands digit of 65175803?
1
What is the tens digit of 32218635?
3
What is the hundred thousands digit of 218683381?
6
What is the ten thousands digit of 103369033?
6
What is the tens digit of 189365585?
8
What is the hundred thousands digit of 932705974?
7
What is the thousands digit of 196170456?
0
What is the hundreds digit of 1112371308?
3
What is the ten thousands digit of 34007712?
0
What is the tens digit of 178017424?
2
What is the tens digit of 1031836148?
4
What is the units digit of 3340200374?
4
What is the units digit of 105425432?
2
What is the ten thousands digit of 191762782?
6
What is the units digit of 4353563?
3
What is the hundreds digit of 10260021?
0
What is the ten millions digit of 42407903?
4
What is the hundred thousands digit of 3238609477?
6
What is the hundred millions digit of 2587939045?
5
What is the thousands digit of 462164216?
4
What is the hundred thousands digit of 2342361220?
3
What is the thousands digit of 288075685?
5
What is the ten millions digit of 49120913?
4
What is the hundreds digit of 98771520?
5
What is the units digit of 11275021?
1
What is the tens digit of 104337445?
4
What is the ten millions digit of 339074902?
3
What is the units digit of 337752277?
7
What is the ten millions digit of 9323111887?
2
What is the ten thousands digit of 357175582?
7
What is the millions digit of 340932028?
0
What is the hundred millions digit of 968335167?
9
What is the tens digit of 189627624?
2
What is the units digit of 808236655?
5
What is the hundred millions digit of 7053323820?
0
What is the units digit of 365789406?
6
What is the hundred thousands digit of 21111895?
1
What is the hundred thousands digit of 34846122?
8
What is the millions digit of 30290442?
0
What is the ten millions digit of 12772368?
1
What is the ten millions digit of 1647677814?
4
What is the hundred thousands digit of 2086657823?
6
What is the tens digit of 1183897492?
9
What is the thousands digit of 12246557?
6
What is the hundred millions digit of 467111892?
4
What is the units digit of 37007079?
9
What is the hundred thousands digit of